t s(j) = -j**3 + 8*j**2 + 10*j - 90. Determine s(4).
14
Let x(y) = -y**3 + 77*y**2 + 408*y + 159. Give x(82).
-5
Let k(a) = -a**3 - a**2 + 7*a + 4. Give k(-5).
69
Let c(h) = -2*h**3 + 2*h**2 + 20*h - 1. Calculate c(-4).
79
Let b(g) = 79*g - 746. Calculate b(5).
-351
Let x(c) = -792*c + 2384. Give x(3).
8
Let m(i) = i**3 - 23*i**2 + 109*i + 18. Give m(16).
-30
Let c(a) = 2*a**3 - 13*a**2 + 20*a - 6. Give c(5).
19
Let t(s) = 172*s - 16. Determine t(-1).
-188
Let b(a) = -4*a + 123. Calculate b(33).
-9
Let d(v) = v**3 - 51*v**2 - 111*v + 262. Determine d(53).
-3
Let d(n) = 1372*n + 12332. Give d(-9).
-16
Let k(m) = -2*m**3 + 60*m**2 - 10*m - 4. Calculate k(30).
-304
Let y(d) = -d**3 + 18*d**2 + 2*d - 66. What is y(18)?
-30
Let f(t) = 2*t**3 - 20*t**2 - 13*t. Determine f(10).
-130
Let d(n) = 90*n + 14278. Calculate d(-158).
58
Let g(t) = -57*t + 2355. Calculate g(41).
18
Let y(g) = 18*g**2 - 1515*g + 279. Give y(84).
27
Let r(w) = 2*w**2 + 77*w - 157. Calculate r(-41).
48
Let h(k) = -5*k**2 + 9*k - 128. What is h(7)?
-310
Let r(a) = 2*a**2 + 14*a - 85. Calculate r(-8).
-69
Let u(q) = -4*q**2 + 51*q - 51. Give u(6).
111
Let d(l) = 11*l**3 - 2*l**2 + 15*l - 41. Calculate d(3).
283
Let g(s) = 34*s + 192. Give g(-4).
56
Let n(o) = o**3 + 5*o**2 + 27*o + 112. Determine n(-4).
20
Let d(v) = 68*v - 4556. What is d(67)?
0
Let w(q) = 28*q**2 - 39*q + 3. Calculate w(1).
-8
Let f(z) = -20*z + 1396. Give f(69).
16
Let a(s) = -111*s - 403. What is a(-4)?
41
Let m(s) = -3*s**2 - 268*s - 1375. What is m(-84)?
-31
Let o(w) = 7*w - 389. Give o(9).
-326
Let v(d) = -22*d**2 + 14*d + 13. What is v(-3)?
-227
Let c(n) = 10*n**3 - 3*n + 29. Determine c(3).
290
Let d(c) = 241*c - 1212. What is d(5)?
-7
Let p(k) = k**3 + 16*k**2 - 66*k - 103. Give p(-19).
68
Let q(v) = -7432*v - 44604. Determine q(-6).
-12
Let n(t) = -1627*t + 32543. Determine n(20).
3
Let n(x) = 6*x**2 + 79*x + 37. Give n(-12).
-47
Let o(v) = 2*v**2 - 83*v + 481. What is o(34)?
-29
Let v(n) = 2*n**3 - 18*n - 17. Determine v(-4).
-73
Let y(d) = d**3 - 17*d**2 - 15*d + 16. Calculate y(17).
-239
Let k(t) = -t**2 - 37*t - 337. Determine k(-20).
3
Let c(m) = 4*m**2 + 159*m + 1251. Give c(-29).
4
Let t(f) = 2*f**2 - 28*f + 122. Determine t(5).
32
Let o(i) = -24*i**2 + 312*i - 7. Calculate o(13).
-7
Let v(t) = 42*t - 1002. Give v(23).
-36
Let t(j) = -j**3 + 2*j**2 + 155*j + 167. What is t(14)?
-15
Let p(r) = 7*r + 311. What is p(-47)?
-18
Let u(h) = 139*h - 196. What is u(4)?
360
Let y(n) = -n**3 + 10*n**2 + 9*n - 92. Calculate y(10).
-2
Let k(u) = -u**3 + 27*u**2 + 15*u - 1618. Determine k(25).
7
Let i(o) = -501*o + 495. Calculate i(1).
-6
Let f(n) = -397*n - 28182. Determine f(-71).
5
Let n(o) = -4*o**3 + o**2 + 23*o + 25. Give n(-3).
73
Let o(r) = -r**3 - 3*r**2 + 7*r - 34. Determine o(-6).
32
Let b(u) = -12*u - 35. What is b(8)?
-131
Let w(p) = -p**2 - 14*p - 19. What is w(-8)?
29
Let m(g) = 3*g - 68. What is m(-2)?
-74
Let q(l) = -1167*l + 16336. Determine q(14).
-2
Let s(a) = a**3 - 10*a**2 + 15*a + 18. Give s(6).
-36
Let o(s) = -s**2 - 17*s + 536. Determine o(-33).
8
Let d(s) = 5*s**2 + 49*s + 158. What is d(-3)?
56
Let m(f) = 4*f**3 + 31*f**2 + 36*f + 4. Give m(-1).
-5
Let w(u) = -4*u**2 - 55*u - 174. Give w(-7).
15
Let m(j) = -1443*j + 28862. What is m(20)?
2
Let f(q) = q - 422. What is f(38)?
-384
Let p(o) = 34*o - 970. What is p(32)?
118
Let y(i) = i**3 - 3*i**2 - 216*i + 852. Give y(4).
4
Let x(a) = 3*a - 20. What is x(-1)?
-23
Let j(g) = g**3 - 54*g**2 + 446*g - 61. Determine j(44).
203
Let v(h) = -5*h**2 - 7*h + 9. Determine v(0).
9
Let f(g) = g**2 + 51*g + 314. What is f(-7)?
6
Let o(x) = -x**2 + 53*x + 377. What is o(-6)?
23
Let x(y) = 343*y + 1020. Calculate x(-3).
-9
Let t(w) = -w**3 - 5*w**2 - w + 4. What is t(-3)?
-11
Let z(k) = -k**2 - 39*k - 159. Calculate z(-30).
111
Let a(v) = -411*v - 3115. Calculate a(-7).
-238
Let h(s) = s**3 - 29*s**2 - 9*s + 191. Calculate h(29).
-70
Let v(k) = -k**3 + 9*k**2 - 607*k + 2353. Calculate v(4).
5
Let u(w) = -21*w + 52. What is u(-5)?
157
Let x(t) = 5*t + 53. Give x(-29).
-92
Let s(u) = 15*u**2 + 1443*u + 291. What is s(-96)?
3
Let v(b) = b**3 + 5*b**2 + 5*b + 27. What is v(-7)?
-106
Let s(o) = -108*o - 487. Calculate s(-5).
53
Let o(s) = s**3 - 3*s**2 - 2*s + 13. Give o(6).
109
Let u(v) = 7*v**2 + 364*v - 11. Determine u(-52).
-11
Let y(n) = -28*n - 2475. Determine y(-86).
-67
Let f(s) = 909*s - 8184. What is f(9)?
-3
Let x(r) = -119*r + 376. Give x(5).
-219
Let i(p) = p**2 - 34*p - 282. Give i(-10).
158
Let k(d) = d**3 - d**2 + 21*d - 89. Give k(3).
-8
Let a(f) = 2*f**3 - 47*f**2 + 103*f + 26. Give a(21).
-16
Let o(f) = -3*f**3 - 26*f**2 - 52*f + 1. What is o(-2)?
25
Let z(n) = -28*n - 109. What is z(0)?
-109
Let u(v) = 4*v**3 + 312*v**2 + 309*v + 79. Calculate u(-77).
2
Let s(y) = -25*y - 356. Calculate s(-5).
-231
Let r(g) = g**2 + 17*g + 4. Calculate r(-7).
-66
Let x(p) = 70*p**2 + 12*p - 28. Give x(2).
276
Let f(h) = -17*h - 81. Give f(-11).
106
Let i(y) = y**2 + 10*y + 199. Determine i(0).
199
Let g(i) = 2*i**3 + 6*i**2 - 18*i + 71. Calculate g(6).
611
Let r(v) = v**3 + 132*v**2 - 2526*v + 1042. Give r(-149).
-1
Let a(r) = -7713*r - 53980. Calculate a(-7).
11
Let h(d) = 947*d + 3800. What is h(-4)?
12
Let p(q) = -q**3 - 47*q**2 - 8*q + 34. What is p(0)?
34
Let f(n) = -215*n - 10324. Determine f(-48).
-4
Let w(b) = 25*b + 77. Determine w(-10).
-173
Let z(t) = 14*t - 98. Calculate z(9).
28
Let x(u) = -73*u**2 + 293*u - 4. Determine x(4).
0
Let b(h) = h**3 + 17*h**2 - 86*h + 7. What is b(4)?
-1
Let f(w) = -w**3 - 6*w**2 - w - 7. What is f(-3)?
-31
Let y(q) = q**3 + 6*q**2 - 5*q + 4. Give y(-7).
-10
Let i(z) = z**2 - 213*z + 11233. Determine i(96).
1
Let s(n) = -32*n**2 + 10*n - 24. Calculate s(2).
-132
Let a(r) = 20*r + 365. Determine a(-15).
65
Let s(t) = -2*t**3 - 2*t**2 + 70*t - 134. What is s(2)?
-18
Let a(r) = 21*r + 132. Determine a(-7).
-15
Let s(w) = -w**3 - 11*w**2 + 17*w + 130. Give s(-5).
-105
Let k(y) = 332*y - 76335. Calculate k(230).
25
Let j(b) = -b**3 + 6*b**2 - 139*b + 688. Determine j(5).
18
Let q(h) = -9226*h + 64570. Determine q(7).
-12
Let d(n) = 37*n - 831. What is d(26)?
131
Let h(x) = -2*x**3 - 12*x**2 + 69*x + 396. Determine h(-5).
1
Let i(r) = 8*r**2 - 349*r + 13. Determine i(43).
-202
Let j(q) = q**2 + 9*q + 24. Calculate j(-19).
214
Let g(d) = -16*d**2 - 166*d - 202. Give g(-9).
-4
Let f(g) = g + 34. Determine f(-25).
9
Let t(x) = x**2 + 106*x - 1437. Calculate t(12).
-21
Let w(z) = -2931*z - 5859. What is w(-2)?
3
Let n(q) = -26*q**2 - 336*q + 17. Calculate n(-13).
-9
Let o(d) = -74*d - 364. Give o(-10).
376
Let g(d) = -65*d - 4737. Give g(-73).
8
Let t(y) = -y**2 - 52*y + 25. Calculate t(0).
25
Let u(k) = -116*k - 217. Calculate u(-3).
131
Let q(p) = p**2 + 263*p + 3726. What is q(-15)?
6
Let f(r) = -9*r + 1006. Determine f(110).
16
Let o(g) = -11*g + 41. Determine o(-4).
85
Let x(n) = 37*n + 1161. What is x(-31)?
14
Let b(t) = -4*t**3 + 4*t**2 - 13*t + 40. What is b(5)?
-425
Let b(y) = y**2 - 50*y - 224. Determine b(55).
51
Let h(x) = -x**3 - 33*x**2 + 48*x + 483. Give h(-34).
7
Let l(p) = 3*p + 190. Give l(31).
283
Let b(i) = 725*i + 4375. Determine b(-6).
25
Let c(m) = 4*m + 24. Calculate c(-3).
12
Let f(b) = -b**3 + 17*b**2 + 44*b - 420. Give f(18).
48
Let m(f) = -400*f - 9993. Determine m(-25).
7
Let i(d) = 4*d**2 + 351*d - 88. Determine i(-88).
0
Let l(u) = 6*u**2 - 21*u + 21. Calculate l(2).
3
Let x(h) = -h**2 + 75*h - 235. Determine x(72).
-19
Let f(m) = -52*m - 64. Give f(-2).
40
Let b(w) = 231*w + 2298. Give b(-10).
-12
Let m(n) = 58*n + 392. Determine m(-5).
102
Let r(d) = 27*d - 48. What is r(2)?
6
Let m(i) = -i**3 + 26*i**2 - 27*i + 70. What is m(25)?
20
Let k(n) = 51*n - 2. Give k(5).
253
Let l(d) = -3*d**3 - 33*d**2 + 28*d + 4. Calculate l(1).
-4
Let o(t) = 7*t**2 + 111*t + 12. What is o(-16)?
28
Let j(h) = -5*h**3 - 38*h**2 - 9*h - 11. What is j(-8)?
189
Let h(k) = -6462*k + 2. Determine h(0).
2
Let h(n) = 4*n**2 - 28*n + 43. Determine h(13).
355
Let c(o) = o**2 + 34*o + 223. What is c(-25)?
-2
Let m(l) = -2*l**3 + 11*l**2 - 30*l + 124. What is m(5)?
-1
Let b(l) = -772*l + 5401. What is b(7)?
-3
Let q(h) = 189*h - 1668. What is q(9)?
33
Let v(l) = -l**2 + 22*l + 758. What is v(40)?
38
Let m(w) = w**2 